{"version":"1.0","provider_name":"Research &amp; Music","provider_url":"https:\/\/researchandmusic.org\/en","author_name":"tejostudiotm","author_url":"https:\/\/researchandmusic.org\/en\/author\/tejostudiotm\/","title":"Belfast - Construcci\u00f3n de paz, M\u00fasica y Medio Ambiente. | Research &amp; Music","type":"rich","width":600,"height":338,"html":"<blockquote class=\"wp-embedded-content\" data-secret=\"gj1JNWfcn1\"><a href=\"https:\/\/researchandmusic.org\/en\/belfast-construccion-de-paz-musica-y-medio-ambiente\/\">Belfast \u2013 Construction of peace, Music and the Environment.<\/a><\/blockquote><iframe sandbox=\"allow-scripts\" security=\"restricted\" src=\"https:\/\/researchandmusic.org\/en\/belfast-construccion-de-paz-musica-y-medio-ambiente\/embed\/#?secret=gj1JNWfcn1\" width=\"600\" height=\"338\" title=\"&#8220;Belfast &#8211; Construcci\u00f3n de paz, M\u00fasica y Medio Ambiente.&#8221; &#8212; Research &amp; Music\" data-secret=\"gj1JNWfcn1\" frameborder=\"0\" marginwidth=\"0\" marginheight=\"0\" scrolling=\"no\" class=\"wp-embedded-content\"><\/iframe><script>\n\/*! This file is auto-generated *\/\n!function(d,l){\"use strict\";l.querySelector&&d.addEventListener&&\"undefined\"!=typeof URL&&(d.wp=d.wp||{},d.wp.receiveEmbedMessage||(d.wp.receiveEmbedMessage=function(e){var t=e.data;if((t||t.secret||t.message||t.value)&&!\/[^a-zA-Z0-9]\/.test(t.secret)){for(var s,r,n,a=l.querySelectorAll('iframe[data-secret=\"'+t.secret+'\"]'),o=l.querySelectorAll('blockquote[data-secret=\"'+t.secret+'\"]'),c=new RegExp(\"^https?:$\",\"i\"),i=0;i<o.length;i++)o[i].style.display=\"none\";for(i=0;i<a.length;i++)s=a[i],e.source===s.contentWindow&&(s.removeAttribute(\"style\"),\"height\"===t.message?(1e3<(r=parseInt(t.value,10))?r=1e3:~~r<200&&(r=200),s.height=r):\"link\"===t.message&&(r=new URL(s.getAttribute(\"src\")),n=new URL(t.value),c.test(n.protocol))&&n.host===r.host&&l.activeElement===s&&(d.top.location.href=t.value))}},d.addEventListener(\"message\",d.wp.receiveEmbedMessage,!1),l.addEventListener(\"DOMContentLoaded\",function(){for(var e,t,s=l.querySelectorAll(\"iframe.wp-embedded-content\"),r=0;r<s.length;r++)(t=(e=s[r]).getAttribute(\"data-secret\"))||(t=Math.random().toString(36).substring(2,12),e.src+=\"#?secret=\"+t,e.setAttribute(\"data-secret\",t)),e.contentWindow.postMessage({message:\"ready\",secret:t},\"*\")},!1)))}(window,document);\n<\/script>","thumbnail_url":"https:\/\/researchandmusic.org\/wp-content\/uploads\/2024\/07\/Belfast-Reseacrh-and-music7-scaled.jpg","thumbnail_width":2560,"thumbnail_height":1152,"description":"El objetivo del taller fue la promoci\u00f3n de acciones de trabajo colaborativo y escenarios interculturales entre diversos j\u00f3venes participantes, como estrategia de inclusi\u00f3n y promoci\u00f3n de pr\u00e1cticas de paz y conciencia ambiental. El taller se implement\u00f3 a trav\u00e9s de metodolog\u00edas l\u00fadicas y participativas, a trav\u00e9s de la m\u00fasica, la percusi\u00f3n corporal y la construcci\u00f3n de instrumentos con materiales reutilizados."}

Belfast - Construcción de paz, Música y Medio Ambiente. | Research &amp; Music

<blockquote class="wp-embedded-content" data-secret="gj1JNWfcn1"><a href="https://researchandmusic.org/en/belfast-construccion-de-paz-musica-y-medio-ambiente/">Belfast – Construction of peace, Music and the Environment.</a></blockquote><iframe sandbox="allow-scripts" security="restricted" src="https://researchandmusic.org/en/belfast-construccion-de-paz-musica-y-medio-ambiente/embed/#?secret=gj1JNWfcn1" width="600" height="338" title="&#8220;Belfast &#8211; Construcción de paz, Música y Medio Ambiente.&#8221; &#8212; Research &amp; Music" data-secret="gj1JNWfcn1" frameborder="0" marginwidth="0" marginheight="0" scrolling="no" class="wp-embedded-content"></iframe><script>
/*! This file is auto-generated */
!function(d,l){"use strict";l.querySelector&&d.addEventListener&&"undefined"!=typeof URL&&(d.wp=d.wp||{},d.wp.receiveEmbedMessage||(d.wp.receiveEmbedMessage=function(e){var t=e.data;if((t||t.secret||t.message||t.value)&&!/[^a-zA-Z0-9]/.test(t.secret)){for(var s,r,n,a=l.querySelectorAll('iframe[data-secret="'+t.secret+'"]'),o=l.querySelectorAll('blockquote[data-secret="'+t.secret+'"]'),c=new RegExp("^https?:$","i"),i=0;i<o.length;i++)o[i].style.display="none";for(i=0;i<a.length;i++)s=a[i],e.source===s.contentWindow&&(s.removeAttribute("style"),"height"===t.message?(1e3<(r=parseInt(t.value,10))?r=1e3:~~r<200&&(r=200),s.height=r):"link"===t.message&&(r=new URL(s.getAttribute("src")),n=new URL(t.value),c.test(n.protocol))&&n.host===r.host&&l.activeElement===s&&(d.top.location.href=t.value))}},d.addEventListener("message",d.wp.receiveEmbedMessage,!1),l.addEventListener("DOMContentLoaded",function(){for(var e,t,s=l.querySelectorAll("iframe.wp-embedded-content"),r=0;r<s.length;r++)(t=(e=s[r]).getAttribute("data-secret"))||(t=Math.random().toString(36).substring(2,12),e.src+="#?secret="+t,e.setAttribute("data-secret",t)),e.contentWindow.postMessage({message:"ready",secret:t},"*")},!1)))}(window,document);
</script>

El objetivo del taller fue la promoción de acciones de trabajo colaborativo y escenarios interculturales entre diversos jóvenes participantes, como estrategia de inclusión y promoción de prácticas de paz y conciencia ambiental. El taller se implementó a través de metodologías lúdicas y participativas, a través de la música, la percusión corporal y la construcción de instrumentos con materiales reutilizados.
